 = -q**3 + q**2 + 4*q - 1. Determine p(o).
-7
Let w = 68 - 69. Let h(k) = -k**2 - 2*k - 1. Determine h(w).
0
Let r(o) = -2*o + 9*o - 7*o + 9 - o. What is r(7)?
2
Let m(x) = -5*x + 2. Let i(h) = -h + 6. Let v be i(4). What is m(v)?
-8
Let x(y) = y**3 - 6*y**2 - 4. Let r be (-3)/15*-6*5. Determine x(r).
-4
Let a(p) = -6*p**2 - 3*p. Let m(v) = 5*v**2 + 2*v. Let x(i) = -2*a(i) - 3*m(i). Give x(1).
-3
Suppose -h + 77 = 10*h. Let c(n) = 2*n - 14. Give c(h).
0
Let z(v) = -5*v + 2. Let d(s) = 3*s - 1. Let t(y) = -8*d(y) - 5*z(y). Suppose 2*c - 12 = -2*w, -c + 30 = 5*w - 2*c. Calculate t(w).
4
Let b(a) = a + 18. Let p be 16/(-2) + 19 + -19. Calculate b(p).
10
Let y(z) = 0*z - 6*z + 7 - 10. Calculate y(-2).
9
Let y(r) = r**3 - 2*r + 21*r**2 + 4 - 9*r + 2*r - 26*r**2. Calculate y(6).
-14
Let v(w) = -4*w + 10*w + w**3 + 11*w**2 + 6 - 5*w**2. What is v(-5)?
1
Let z(w) = -w + 4. Let m(g) = 2*g**2 - g - 2. Suppose r + 1 - 22 = 0. Suppose -3*k + 0*k + r = 3*n, 3*k - 15 = 0. Let u be m(n). Give z(u).
0
Let y(j) be the second derivative of -j**3/6 - j**2/2 + 9*j. Determine y(0).
-1
Let f(v) = -v**3 + 2*v**2 - 1. Let t be f(1). Let q(x) = -x**2 - x + 6. Give q(t).
6
Let w(a) = a**3 + 9*a**2 + 6*a - 11. Let d be w(-8). Let k(n) = -6 - 2*n + n + d. Determine k(6).
-7
Let a(q) = -5*q - 9. Let p(w) = 1. Let s(o) = -2*a(o) - 18*p(o). Calculate s(-1).
-10
Let z(n) = -n**2 + 3*n + 3. Let i(o) = o**2 - 2*o - 2. Let f(b) = 6*i(b) + 5*z(b). What is f(-3)?
3
Let a(d) = -6*d - 1. Suppose -3*o - 13 = -b - 4*b, 2*o - 5*b = -12. Give a(o).
5
Let z(d) be the second derivative of 3/2*d**2 + 1/6*d**4 + d + 0 - 1/3*d**3. Suppose -3*b + 10 = 2*b. Give z(b).
7
Let k(f) be the second derivative of -5*f**3/2 - f**2/2 - 39*f. Give k(1).
-16
Let m(b) = b**3 + 6*b**2 + 6*b - 1. Let j(p) = p**3 - 4*p**2 - 14*p + 7. Let i be j(6). Calculate m(i).
-6
Let f = 10 - 11. Let a be (-18)/(-4) + 9/(-6). Let y(d) = 3*d**2 - 3*d**a + 3*d + 1 - d**2 + 11*d**3 - d. Determine y(f).
-7
Let r(v) = v**3 + 5*v**2 - 7*v - 1. Let o be (-2)/5 - (-140)/(-25). Calculate r(o).
5
Let x = -5 + 5. Suppose x = -3*w - 0*w - 12. Let r(h) = h + 1 + 8 + 0*h. Give r(w).
5
Let y(g) = g**2 - 5*g**2 - 5*g**2 + 4*g**2. What is y(-1)?
-5
Let z(f) be the first derivative of -f**5/20 - f**4/8 - f**3/3 - 5*f**2/2 - 2. Let i(t) be the second derivative of z(t). Calculate i(-2).
-8
Let c(y) be the first derivative of y**2/2 + y - 14. Determine c(5).
6
Let g(t) = -1. Let k(j) = 23*j**3 - j**2 - j + 6. Let m(f) = 5*g(f) + k(f). Give m(1).
22
Let c(h) = h + 9. Suppose 2*p + 6 = -6. Suppose 0 = 5*r - 8*r + 6. Let j be 32/p - r/(-6). Determine c(j).
4
Let j = -3 - -6. Let a(k) = j*k - 3 + 0 + 4 - 6*k. Determine a(1).
-2
Let s(n) = -n - 1. Let u(z) = 2*z - 4. Let q(l) = -s(l) - u(l). Let b(r) = -r**3 + 6*r**2 + 6*r + 8. Let h be b(7). Let k be 4 + h + 0/(-2). Determine q(k).
0
Let j(l) = 1 + 1 - 6*l + 261*l**2 - 262*l**2. Suppose -3*a = -3*p - 21, 3*a = 3*p + a + 20. Determine j(p).
2
Let i(w) = w**2 - 2. Suppose 3*d - 6 = 0, -5*a + 3 = 5*d - 7. Suppose 27 = 3*u + 5*n, a = 4*u + n + 4*n - 31. Suppose 0 = u*b - 6*b. Give i(b).
-2
Let z(n) = 13*n - 1. Suppose -3*q + 18 = -5*g, -4*q + 2*q = -4*g - 14. What is z(q)?
12
Let v(u) be the first derivative of 2*u**3/3 - u**2/2 - 1. Suppose 7*c - 4*c = 0, c + 4 = -4*k. Give v(k).
3
Let c(y) = y**3 + 4*y**2 + y - 3. Suppose 5*k + 20 = 2*b, 5*b - 8 = 2*k + 3*b. Determine c(k).
-7
Let z = -7 - -4. Let q = z - 4. Let w = 3 + q. Let g(n) = 2*n + 3. Calculate g(w).
-5
Let i(d) = -d**3 + 3*d - 3*d + d - d**2 + 4*d**2. Give i(3).
3
Let d(m) = 11 + 14*m + m**2 - 12*m - 7*m - 5. Suppose 0 = 4*u - 20. Determine d(u).
6
Let d(x) = 5*x**2. Let b = -2 - -5. Let z = -4 + b. Determine d(z).
5
Let w(m) = 7*m**3 - m**2 - m. Let y(k) = 7*k**3 - k**2 - k. Let j(s) = -5*w(s) + 4*y(s). Give j(-1).
7
Let a(k) be the third derivative of -k**4/24 - 5*k**3/6 - 3*k**2. Give a(-5).
0
Suppose 5*n + 1 - 11 = 0. Suppose -n*u + 2 = 8. Let o(k) = 5 - k - 6 - 5. Determine o(u).
-3
Let f = 7 - 4. Let x = -1 + 5. Let u(b) = 3*b**3 + 2*b**2 + 3*b - 1. Let j(r) = 7*r**3 + 4*r**2 + 6*r - 2. Let i(l) = x*j(l) - 9*u(l). Calculate i(f).
1
Let p(l) = -6*l**3 - 8*l - 8. Let t(j) = -7*j**3 - 9*j - 9. Let o(n) = 6*p(n) - 5*t(n). Calculate o(-2).
11
Let n = -7 - -12. Suppose 8 = 2*c + n*f, -5*f + 11 = -3*c + 2*c. Let p be (9/27)/(c/3). Let a(j) = -2*j. What is a(p)?
2
Let b(c) = -c**3 - c - 9. Let d(f) = f**2 - 6*f. Let j be d(6). Calculate b(j).
-9
Suppose 0 = -7*f + 2*f - 15. Let x(m) = -m**3 - 2*m**2 + 2*m - 3. Give x(f).
0
Let r(i) = 3*i**2 - 9*i - 5. Let s(b) = 3*b**2 - 11*b - 6. Let h(k) = 5*r(k) - 4*s(k). What is h(-2)?
13
Let o(n) = -n + 3. Let j be o(3). Let a(z) = 2 + j*z**2 + 3 + 0*z**2 + 3*z - z**2. Determine a(4).
1
Let g(a) = -2*a + 1. Suppose -19*z + 32 = -63. Calculate g(z).
-9
Let q be (-2 - -8 - 2)*(-1)/4. Let d(g) = 2*g**3 - g**2 - 2*g - 1. What is d(q)?
-2
Let k(r) = r**3 + 4*r**2 - 6*r + 4. Let w(y) = y**3 + 3*y**2 - 5*y + 3. Let v(q) = -q**2 - 7*q - 6. Let l be v(-5). Let a(t) = l*w(t) - 3*k(t). Determine a(-2).
-4
Let n = -22 + 16. Let p(s) = -s**2 - 8*s - 9. What is p(n)?
3
Let x(y) = -y**2 + 10*y - 11. Let f(o) = o**2 - 9*o + 10. Let a(j) = -4*f(j) - 3*x(j). Calculate a(5).
-2
Let p be 4 - 1 - (7 - (2 - 2)). Let k(l) = -l + 1. Determine k(p).
5
Suppose -25 = 5*q + 5*s, -17 = 9*q - 7*q - 5*s. Let u(a) = -a + 2. What is u(q)?
8
Let k(t) = t**2 - 12*t + 1. Let u be k(12). Let c(j) = -j**3 + j**2 - j - 3. Let b(l) = l**2. Let d(v) = u*c(v) + 3*b(v). Calculate d(4).
-7
Let q(c) be the first derivative of -c**5/20 - c**4/3 - c**3/6 - c - 2. Let x(i) be the first derivative of q(i). What is x(-4)?
4
Let v(k) be the second derivative of k**4/12 + 5*k**3/6 - 4*k. Determine v(-6).
6
Let t = 16 - 10. Let g(h) = h**2 - 4*h - 4. What is g(t)?
8
Let q(b) be the first derivative of b**3/3 + 7*b**2/2 - 5. Give q(-6).
-6
Let f(c) = -1 - c**2 - 50*c - 48*c + 99*c. Determine f(1).
-1
Let r(q) = -q**3 + q**2 - 3*q + 1. Let v(c) = -2*c**3 + c**2 - 3*c + 1. Let o(p) = 3*r(p) - 2*v(p). What is o(2)?
7
Let t(s) be the first derivative of -s**4/4 + s**3/3 - s + 2. Suppose 4*c + 10 + 2 = 0. Let f be -3 - (c + -4 + 2). What is t(f)?
-5
Let q(t) = -t**3 + 4*t**2 - 3*t + 4. Suppose 4*a - 12 = 12. Let b be (-6)/4 + 27/a. Calculate q(b).
4
Let h(i) = -2*i - 2. Let b(c) = c**2 - c. Let j(g) = -2*b(g) - h(g). Calculate j(-3).
-28
Let r = -7 - -7. Suppose 2*i = -4*d, d - 5*i + r*i = -22. Let a(j) = -3*j**3 - 4*j**2 - 2*j + 2. Determine a(d).
14
Let u(b) = 2*b - 36. Let d be u(16). Let x(k) be the third derivative of k**6/120 + k**5/15 - k**4/24 + 2*k**3/3 + k**2. Determine x(d).
8
Let k be (-4)/(-3) + 2/3. Suppose -6 - k = -2*m. Let b(p) = -p + 4. What is b(m)?
0
Let y(o) = o**2 - o + 1. Let z(t) = 3*t**2 - 4*t. Let s(v) = -2*y(v) + z(v). Let a = -9 + 7. Let m be ((-6)/10)/(a/10). Determine s(m).
1
Let v(y) = -3*y. Let f(r) = -9*r. Let x(j) = 2*f(j) - 7*v(j). Let h(s) = -2*s - 7. Let u be h(-3). What is x(u)?
-3
Let d(l) = 6*l**2 - 9*l**3 - 19*l**3 - 2 + 29*l**3. Determine d(-6).
-2
Let u be 25/5*12/(-15). Let q(h) = -h**2 + 5. Give q(u).
-11
Suppose -3*o + 0*w + 1 = -w, -2*o = 3*w + 3. Let z(u) = -u**3 - u**2 + u + 3. Give z(o).
3
Let u(c) = c**3 + 7*c**2 - c + 9. Let q be u(-7). Suppose 0 = p + 3*p - q. Let n(k) = k**2 - 4*k + 3. Determine n(p).
3
Let h = 5 + -1. Suppose -6 + 14 = h*w. Suppose -3*i + 8 = -w*i - 2*a, 4*i = 3*a + 7. Let l(j) = j**3 + 2*j**2 + 2. Determine l(i).
2
Let k(o) = -2*o**2 + 48*o - 47. Let t be k(1). Let s(n) = 0*n + 3*n + 11*n**2 + 1 - n. Calculate s(t).
10
Suppose x - 4*o - 2 = 2*x, -4*x = 5*o - 3. Let c(s) = -6*s + 10*s**2 - s - 7 + s**3 - 5*s**x. Determine c(-6).
-1
Let c(q) = -q**2 + 8*q - 6. Let a = 3 - 3. Suppose 3*v + v - 20 = a. What is c(v)?
9
Suppose h + 35 = 6*h. Let c be ((-6)/10)/((-2)/10). Let f(n) = 4*n**c - 3*n**3 - 1 - h*n**2 + 3*n**2 - 6*n. What is f(5)?
-6
Let r be (9/12)/(2/8). Suppose -r*b = 2*b - 50. Suppose -5*n + 10 = -b*n. Let q(j) = -3*j - 2. What is q(n)?
4
Let b(n) = -5*n**2 + n + 4*n**2 - 8 + 5. Give b(3).
-9
Let y(u) be the third derivative of -u**4/24 + 5*u**3/6 - u**2. Let h(r) = 3*r - 2. Let p be h(6). Suppose -5*i = 4*b + 28, -2*i - 2*b = i + p. What is y(i)?
9
Let v = 3 + 0. Suppose 5*